igit of 66485?
8
What is the hundred thousands digit of 367632?
3
What is the tens digit of 564558?
5
What is the thousands digit of 3138658?
8
What is the units digit of 843037?
7
What is the millions digit of 2722666?
2
What is the hundred thousands digit of 208282?
2
What is the thousands digit of 948987?
8
What is the units digit of 115574?
4
What is the hundred thousands digit of 5177277?
1
What is the hundred thousands digit of 1483206?
4
What is the hundred thousands digit of 1181839?
1
What is the ten thousands digit of 20043720?
4
What is the units digit of 4448801?
1
What is the hundreds digit of 133143?
1
What is the tens digit of 485671?
7
What is the millions digit of 16486810?
6
What is the hundreds digit of 6095834?
8
What is the tens digit of 2653751?
5
What is the tens digit of 19778955?
5
What is the hundred thousands digit of 1375248?
3
What is the ten thousands digit of 9960300?
6
What is the hundreds digit of 1197983?
9
What is the thousands digit of 121573?
1
What is the units digit of 4207?
7
What is the thousands digit of 150655?
0
What is the tens digit of 1350247?
4
What is the ten thousands digit of 185941?
8
What is the units digit of 133474?
4
What is the millions digit of 1866423?
1
What is the units digit of 811774?
4
What is the ten thousands digit of 13088756?
8
What is the hundred thousands digit of 4457962?
4
What is the thousands digit of 5380769?
0
What is the units digit of 469928?
8
What is the thousands digit of 255711?
5
What is the tens digit of 302312?
1
What is the units digit of 81338?
8
What is the ten millions digit of 10766163?
1
What is the units digit of 40766299?
9
What is the units digit of 3240?
0
What is the thousands digit of 245006?
5
What is the tens digit of 10649910?
1
What is the tens digit of 6906474?
7
What is the hundred thousands digit of 214319?
2
What is the units digit of 567813?
3
What is the tens digit of 11407673?
7
What is the millions digit of 4584317?
4
What is the units digit of 761414?
4
What is the units digit of 1539962?
2
What is the thousands digit of 320121?
0
What is the units digit of 128837?
7
What is the ten thousands digit of 883058?
8
What is the millions digit of 1394330?
1
What is the ten thousands digit of 9068186?
6
What is the ten thousands digit of 2040239?
4
What is the ten thousands digit of 673088?
7
What is the thousands digit of 247465?
7
What is the tens digit of 833591?
9
What is the units digit of 239041?
1
What is the ten thousands digit of 229011?
2
What is the units digit of 370035?
5
What is the thousands digit of 23028041?
8
What is the hundred thousands digit of 5143001?
1
What is the units digit of 1164669?
9
What is the tens digit of 1077872?
7
What is the units digit of 861779?
9
What is the units digit of 3606664?
4
What is the hundred thousands digit of 168769?
1
What is the ten thousands digit of 292066?
9
What is the ten thousands digit of 1466013?
6
What is the hundred thousands digit of 336304?
3
What is the ten thousands digit of 1501455?
0
What is the tens digit of 137232?
3
What is the ten thousands digit of 9440612?
4
What is the hundreds digit of 12299373?
3
What is the ten thousands digit of 221750?
2
What is the tens digit of 7619627?
2
What is the thousands digit of 695411?
5
What is the units digit of 659729?
9
What is the thousands digit of 230811?
0
What is the hundreds digit of 569185?
1
What is the thousands digit of 343884?
3
What is the hundred thousands digit of 507485?
5
What is the thousands digit of 10818329?
8
What is the hundreds digit of 259167?
1
What is the thousands digit of 396658?
6
What is the units digit of 4823240?
0
What is the tens digit of 21530006?
0
What is the hundreds digit of 10530372?
3
What is the hundred thousands digit of 348850?
3
What is the units digit of 3348834?
4
What is the hundred thousands digit of 343236?
3
What is the hundred thousands digit of 2778647?
7
What is the hundreds digit of 1735233?
2
What is the units digit of 30036530?
0
What is the hundreds digit of 509217?
2
What is the hundreds digit of 400253?
2
What is the thousands digit of 692678?
2
What is the hundred thousands digit of 8893621?
8
What is the thousands digit of 2641207?
1
What is the ten thousands digit of 729944?
2
What is the ten millions digit of 21728585?
2
What is the units digit of 463370?
0
What is the ten thousands digit of 2368502?
6
What is the hundred thousands digit of 294381?
2
What is the hundred thousands digit of 267308?
2
What is the ten thousands digit of 12820454?
2
What is the hundred thousands digit of 891742?
8
What is the tens digit of 161991?
9
What is the thousands digit of 143342?
3
What is the thousands digit of 140576?
0
What is the hundreds digit of 45430?
4
What is the hundred thousands digit of 3945622?
9
What is the units digit of 210664?
4
What is the hundred thousands digit of 12828039?
8
What is the hundred thousands digit of 146577?
1
What is the units digit of 318838?
8
What is the units digit of 3091035?
5
What is the tens digit of 657786?
8
What is the ten thousands digit of 9683302?
8
What is the hundreds digit of 2535897?
8
What is the units digit of 7810316?
6
What is the hundred thousands digit of 7761882?
7
What is the ten millions digit of 27278071?
2
What is the ten thousands digit of 167118?
6
What is the ten thousands digit of 166793?
6
What is the units digit of 565694?
4
What is the ten thousands digit of 88562?
8
What is the ten thousands digit of 12868453?
6
What is the hundreds digit of 5900385?
3
What is the ten thousands digit of 220980?
2
What is the millions digit of 4993366?
4
What is the thousands digit of 192985?
2
What is the units digit of 73396?
6
What is the tens digit of 288051?
5
What is the tens digit of 18421?
2
What is the tens digit of 3351450?
5
What is the hundred thousands digit of 1997101?
9
What is the hundreds digit of 597115?
1
What is the millions digit of 12255951?
2
What is the hundreds digit of 29281333?
3
What is the thousands digit of 13041979?
1
What is the hundred thousands digit of 1993992?
9
What is the hundred thousands digit of 2530849?
5
What is the hundred thousands digit of 245922?
2
What is the hundreds digit of 4003638?
6
What is the units digit of 6023477?
7
What is the millions digit of 4900267?
4
What is the units digit of 30240265?
5
What is the units digit of 676181?
1
What is the thousands digit of 1134334?
4
What is the ten thousands digit of 2177054?
7
What is the hundreds digit of 214481?
4
What is the thousands digit of 40781616?
1
What is the hundred thousands digit of 445968?
4
What is the thousands digit of 3089958?
9
What is the ten thousands digit of 221826?
2
What is the tens digit of 23341723?
2
What is the tens digit of 7886835?
3
What is the tens digit of 4662139?
3
What is the hundreds digit of 511026?
0
What is the hundreds digit of 3181505?
5
What is the tens digit of 4552525?
2
What is the hundred thousands digit of 4290574?
2
What is the units digit of 20042873?
3
What is the units digit of 963255?
5
What is the millions digit of 2565315?
2
What is the thousands digit of 53260?
3
What is the hundreds digit of 13802957?
9
What is the ten thousands digit of 5019203?
1
What is the tens digit of 433987?
8
What is the units digit of 60400?
0
What is the ten thousands digit of 290374?
9
What is the hundred thousands digit of 10412106?
4
What is the tens digit of 16656793?
9
What is the hundred thousands digit of 435880?
4
What is the hundred thousands digit of 511285?
5
What is the hundreds digit of 94957?
9
What is the thousands digit of 701447?
1
What is the hundreds digit of 19100084?
0
What is the ten thousands digit of 143031?
4
What is the tens digit of 312476?
7
What is the ten thousands digit of 236858?
3
What is the ten thousands digit of 6893787?
9
What is the thousands digit of 452006?
2
What is the units digit of 150111?
1
What is the thousands digit of 45135?
5
What is the units digit of 3054008?
8
What is the hundreds digit of 381010?
0
What is the thousands digit of 4781184?
1
What is the hundreds digit of 3542375?
3
What is the units digit of 604557?
7
What is the units digit of 747744?
4
What is the tens digit of 4137630?
3
What is the ten thousands digit of 1648757?
4
What is